me number?
False
Suppose 7 = -3*p - 5. Let b be (6/(-15))/(6/(-120)). Is 1*-206*p/b a prime number?
True
Let n(q) = 2*q**3 - 41*q**2 - 237*q + 53. Is n(53) prime?
False
Suppose 0 = 4*s + v + 3*v - 14192, -3533 = -s + 4*v. Let q be (0 - 44/(-20)) + (-3)/15. Suppose q*z - s = -3*z. Is z composite?
False
Let c(x) = x**2 + 28 + 23 - 3*x - 51. Let g be c(3). Suppose 9*t - 4573 - 2600 = g. Is t a composite number?
False
Is 292418 + (3/(5 + -8) - -10) composite?
False
Let b(t) = 3575*t + 6392. Is b(43) a composite number?
False
Suppose -2479785 = -33*o + 281952. Is o a prime number?
True
Suppose 3 = 284*g - 287*g. Is (0/(-3))/1 + (g - -54) composite?
False
Let o = -399349 - -793058. Is o a composite number?
False
Let o(j) = -2174*j - 131. Let z be o(-8). Let b = 55212 - z. Is b a prime number?
True
Suppose 4*n - 383368 = 2*k, -3*n + n = -4*k - 191684. Suppose 0 = -5*i - r + 113850, 5*i - n = -5*r + 18028. Is i a composite number?
False
Let p(q) = -3*q + 2. Let o(t) = -2*t + 1. Let c(a) = -10*o(a) + 6*p(a). Let y be c(2). Is (7 - -441) + (-3)/(-6)*y prime?
False
Suppose 3*y + 5*j = 424977, y + j - 3*j - 141637 = 0. Is y prime?
True
Let b(p) = -p**2 - 8*p + 4. Let s be b(-8). Suppose 4*x + 1 = -s*j + 33, -4*j + 2*x = -20. Suppose z = -2*z + j, -3*f = -5*z - 1751. Is f a prime number?
True
Let a(z) = 16*z - 94. Let p be a(6). Suppose 0 = 2*g + p + 2, g = -t + 257. Is t composite?
True
Suppose 51*c + 8*c - 4046279 = 0. Is c prime?
True
Suppose 38*x + 6*x = 1989944. Is x composite?
True
Let u(d) = 9*d + 56. Suppose -3*x + 12 = 0, -6 - 2 = -4*y + 2*x. Suppose y*s + m - 19 = 25, 3*m = 0. Is u(s) prime?
False
Suppose -14*x - 8 = -16*x. Let k(u) = 76*u**3 - 3*u**2 + 11*u + 1. Is k(x) prime?
True
Let w(v) = 2*v**3 - 24*v**2 + 22*v + 7. Let f = 121 + -108. Is w(f) a composite number?
False
Suppose 0 = -5*v - 2*n + 9261105, v + 982*n = 978*n + 1852203. Is v composite?
True
Let v(f) be the first derivative of -111*f**2 + 19*f - 32. Is v(-3) prime?
False
Suppose -51618 = -24*i - 12666. Is i a prime number?
False
Suppose 3*n - 5*n - 2 = 0. Let t be 1*-1*(n - 4)*586. Is t/3 + (-1)/(-3) composite?
False
Let a(h) = 160975*h + 391. Is a(4) a prime number?
True
Let f(p) = 25*p - 8. Let v be f(-17). Let m = -287 - v. Is m prime?
False
Let q = 16574 + -9753. Is q composite?
True
Let m(r) = r**3 + 37*r**2 - 24*r - 53. Is m(21) composite?
True
Suppose 11*c - 569 - 102 = 0. Suppose -67*a + c*a = -155022. Is a prime?
False
Let h(q) = 3539*q - 16. Let r be h(2). Is r/1 + (-259)/(-37) a prime number?
True
Is 622679 - 5/(3/(-24)*10*2) a composite number?
True
Let b = 592 + -541. Suppose b*h = -17*h + 729572. Is h a prime number?
True
Let b = 15387 + -8669. Is b a prime number?
False
Suppose -m = 2*h - 74550, 39*h - 74542 = 37*h + m. Is h composite?
False
Let i be 1/(14/(-6) + 2). Let p(n) = 9*n**2 - n. Let f be p(i). Let g = -17 + f. Is g a composite number?
False
Let q(r) = 5*r + 50. Let n be q(-10). Suppose n*j + 13*j - 23413 = 0. Is j a prime number?
True
Let p be (-7 - -5) + (-2 - -3) + 6137. Suppose -s = 3, -p + 789 = -5*b + 4*s. Is b prime?
False
Suppose -11*o + 328 = 30*o. Let t(f) = -2 + 3 - 14 + 13*f. Is t(o) a prime number?
False
Let u(b) = -243074*b**3 + b**2 + 31*b + 29. Is u(-1) composite?
False
Let q = -307 + 315. Is -72604*(0 - 2/q) a prime number?
False
Let l = -68 + 513. Let s = 743 - l. Is (s/4)/(5/30) a prime number?
False
Suppose 25 = -4*b - b. Let l be (-11)/(4 + b)*356. Suppose 0 = 3*c + 3*i - 2727, -3*c + l = i + 1193. Is c composite?
False
Let u(w) = w**2 - 31*w - 24. Let n be u(32). Suppose 5*t - n*t = 4*q - 118409, 5*q - t = 148016. Is q a prime number?
False
Let h = 1394 + 191. Let u be 102/4*(10 + -46). Let i = h + u. Is i prime?
False
Suppose -s + 4*s - 12 = 0. Suppose 7*q + s*t = 3*q + 8664, 5*q = -3*t + 10820. Is q prime?
True
Let w(n) = 37*n - 26. Let p(m) = -4*m - 1. Let t(r) = 4*p(r) - w(r). Suppose j = -9 - 0. Is t(j) a prime number?
True
Let x = 4880 - -6353. Is x composite?
True
Let v(z) = -101*z**2 + 34*z + 38. Let i be v(-11). Let c = 8082 - i. Is c a prime number?
True
Let i(c) = 6359*c**2 - 79*c + 379. Is i(5) a composite number?
False
Let k be (2/20 + 2/5)*0. Let f be (-8951)/(-6) + (-2)/(-12) + k. Suppose -14*t + 18*t - f = 0. Is t a prime number?
True
Let g be 54321/51 + (8 - 552/68). Let l = -527 + g. Is l a prime number?
False
Let s(d) = 3912*d**2 + 329*d + 2284. Is s(-7) prime?
True
Let w(b) = 12468*b**2 - 34*b + 239. Is w(4) composite?
True
Let y(p) = 12*p**3 + 5*p**2 + 5*p. Let b be y(-2). Let q = 42 + b. Let i = 373 + q. Is i prime?
False
Suppose 0 = 5*t + 6 - 26. Suppose -3*a + 7*a = -4*j + 29940, t*j - 29942 = -5*a. Is j a composite number?
True
Is ((-2818)/6*1)/(2/(-252 + 6)) a prime number?
False
Suppose -206*o + 14149371 = -16635895 - 7738176. Is o a prime number?
False
Let f be ((-4)/(-14))/((-4)/252*-9). Suppose -3*t + 8*t - 953 = -f*r, 2*r = 3*t + 929. Is r a prime number?
False
Let d be 238/51 + 2/6. Suppose -d*o = -15, -3*w = -9*o + 6*o - 35322. Is w a composite number?
False
Suppose -2*h = -14 + 10. Suppose h*o + 7 = 4*o + 3*l, -5*o - 25 = -l. Is (1 - 1057/o)*(45 - 41) prime?
True
Is (21*(-518)/105 - 1*-3)*-1415 composite?
True
Suppose 3*z - 6 = 9. Suppose 6*p - z*p = 4. Suppose -p*w + 5573 = -8447. Is w composite?
True
Let u(a) = a**2 + 5*a + 8. Let z be u(-4). Suppose -l + 20 = 4*k - 5, -z*k + 40 = 4*l. Suppose -2*g - f + 408 = -0*g, 0 = 3*g + l*f - 619. Is g prime?
False
Let h(s) be the third derivative of 23*s**4/12 + 9*s**3/2 + 49*s**2. Is h(10) composite?
False
Let x = 43175 - 16802. Is (-1)/(6 - x/4395) a composite number?
True
Let i = -98402 - -270333. Is i composite?
True
Let s = -6962 + 10448. Let z = s - -5671. Is z a composite number?
False
Let k(a) be the first derivative of 2479*a**2/2 - 262*a + 67. Is k(23) a composite number?
True
Is 3*((-43315)/10)/(24/(-16)) composite?
False
Suppose 12*p + 5 = 29. Is (p - 4) + (1 - -2860) composite?
True
Let k = -67 - -69. Let z(o) = -624*o**2 - 4*o + 3. Let a be z(k). Let h = a + 4008. Is h a composite number?
True
Let y be (-14)/(-4)*(6 + -8). Let d(p) = -2*p**3 - 10*p**2 - 5*p - 7. Let m be d(y). Let z = m + 993. Is z prime?
True
Let j = -103 - -105. Suppose 5*v + j*p - 29367 = 2*v, 48964 = 5*v - 3*p. Is v a composite number?
False
Let n(g) = -376*g + 21 + 430*g + 819*g. Let b be n(4). Suppose -b - 15688 = -7*h. Is h composite?
True
Let j = -48511 + 92804. Is j composite?
False
Let s(x) = -85330*x - 3053. Is s(-3) a composite number?
False
Let j(w) = -18473*w - 2738. Is j(-45) composite?
False
Suppose -s = 5*n - 14, 0 = -4*n + 5*s - 1 - 11. Let h be 5/(-25)*1481*-5. Suppose -5*o = -q + 1481, 0 = 3*q - 2*q - n*o - h. Is q prime?
True
Let b = -288768 + 518885. Is b a prime number?
True
Suppose -3*s + 5*d = -37967, -4*d = 5*s - 4*s - 12633. Suppose -9772 - s = -7*z. Is z prime?
True
Let t = 332940 - 182771. Is t composite?
False
Let q(r) = r**2 - 15*r - 44. Let c be q(17). Let d(l) = -274*l - 129. Is d(c) composite?
True
Suppose 0 = 16*y - 14*y - 10. Let g(r) be the first derivative of 56*r**3/3 + 2*r**2 - 21*r + 2. Is g(y) a prime number?
True
Let t(y) = -y**2 + 17*y - 30. Let n be t(15). Suppose -h - 3 = n, 0 = 3*x - x + h - 5. Is 3516/(-18)*(-6)/x a prime number?
True
Let a(b) = 9097*b + 483. Is a(8) composite?
False
Let o be 4/(-2) + (0 - -1). Let n(j) = -405*j + 1. Let t be n(o). Suppose 5*d + t = 2911. Is d composite?
True
Let d(w) = w - 1 + 3*w**2 + 18*w**3 - 5*w - 46*w**3 + 17*w**3. Let g be d(-3). Suppose -g + 34 = -o. Is o a prime number?
False
Let a(z) = -2*z + 4. Let v be 12/(-8) - (-6)/4. Let n be a(v). Suppose -3*d + d = -2*x - 2376, 2*d - n*x = 2366. Is d a composite number?
False
Is ((-48318)/(-4))/((-259)/(-518)) a composite number?
True
Let y = 104605 - 62688. Suppose 0 = -9*n + 62474 + y. Is n a composite number?
True
Suppose 8 = 6*g + 38. Let b(s) = s**2 - 22. Let p be b(g). Suppose -2*z + z + 4077 = 5*w, 3*w - p*z - 2439 = 0. Is w a prime number?
False
Let w(m) = -47 + 3668*m - 3 - 1. Is w(4) composite?
False
Let z(q) = 5*q**3 - 399*q**2 + 10*q - 139. Is z(80) prime?
False
Let y = -3404 + 6210. Let r be (-243)/(-54) + 1/(-2). Suppose 6831 = r*b - 3*u - y, -5*u + 2438 = b. Is b a prime number?
False
Let g(w) = 102*w - 4. Let q be g(-5). Let z(